0. What is the tens digit of r(x)?
1
Let u(q) = 4*q + 6. Let w(y) = -y + 4. Let f be w(3). Let s be u(f). Suppose -s*o = -14*o + 444. What is the hundreds digit of o?
1
Let z be (-1 + 8/(-4))*(7 - 0). Let a(x) = -52*x + 267. What is the tens digit of a(z)?
5
Suppose -5*z + 21 = 4*j, 0 = 4*z - j - 3*j - 24. Suppose -4 - 10 = o - z*y, 0 = 2*y. Let k = 8 - o. What is the units digit of k?
2
Let h be (-10)/(-4) - 2/4. Suppose -n = -h*n + 2*l - 4, -5*l - 23 = 3*n. What is the units digit of 39 + n + (0 - 3)?
0
Let o = 24584 + 8468. What is the tens digit of o?
5
Let d(s) = -6*s - 28. Let i(f) = 7*f + 28. Let x(m) = 3*d(m) + 2*i(m). Let u be x(-8). What is the units digit of (u/3)/(11/1320)?
0
Let y(j) = -4*j**2 + 22*j - 71. Let k be y(8). Let q = -729 + 502. Let g = k - q. What is the units digit of g?
6
Let i(z) = 1089*z**2 - 216*z - 12. What is the ten thousands digit of i(4)?
1
What is the thousands digit of (((-240)/(-50))/8)/((-4)/(-120880))?
8
Let k be (6/4)/(-5 - (-16315)/3260). What is the tens digit of k/(-8*(-6)/72)?
8
Suppose 5*k - 1319 - 3071 = 0. Let m = k - 583. What is the hundreds digit of m?
2
What is the thousands digit of (-5437 + -1)*(-3)/(-18)*-3?
2
Let c be (0 - 0)/(24/(-12)). Suppose -d + 13*d - 36 = c. What is the hundreds digit of ((-2)/d)/((-1)/(357 + -3))?
2
Let m(b) = 150*b - 1577. What is the tens digit of m(46)?
2
Suppose 0 = 118*x - 61*x - 29754. What is the tens digit of x?
2
Let g(a) = -a**3 + 12*a**2 - 4*a - 7. Let m be g(9). Suppose 1535 = 5*f + m. What is the units digit of f?
7
Let v be (-11 + 15)/(8/14). What is the units digit of 4 + (-3 - v) - -221?
5
Suppose 2*w - 5*c = 4515, 0 = -8*w + 5*c + 6603 + 11532. What is the hundreds digit of w?
2
Let d be -2*(-4)/32 - (-1737)/12. Let a = 194 - d. What is the units digit of a?
9
Let v(d) = -904*d**3 + d**2 - 23*d - 25. What is the tens digit of v(-1)?
0
Suppose 7*c = 4*q + 9*c + 620, -620 = 4*q + 5*c. Let b be 1*-4*q/20. Suppose -222 = -m + b. What is the units digit of m?
3
What is the units digit of (3 - 160/55) + ((-10516128)/(-88))/6?
7
Suppose 39*c = 38*c. Suppose -50*y + 49*y + 6 = c. Let k(o) = 5*o + 59. What is the units digit of k(y)?
9
Let b be 59 + 5/5*3. What is the units digit of b/124*(1118 - (0 + 0))?
9
Let u be 3/((375/10)/(-5))*-10. Suppose 0 = -u*t + 6*t - 3362. What is the thousands digit of t?
1
Suppose 5*w + 1696 - 5920 = z, -1694 = -2*w - 4*z. Let u = w - 147. What is the units digit of u?
8
Let r = -1180 + 309. Let y = 1647 + r. What is the tens digit of y?
7
Suppose -12*z + 2983 = -5. Let s = -148 + z. What is the tens digit of s?
0
Suppose -17*f - 16 = 103. What is the units digit of 8 + 3 + f - -37?
1
Let y be 15*(1 - -3 - -1). Suppose -72*u - 1137 = -y*u. What is the units digit of u?
9
Suppose 0 = 6*s + 16 - 4. Let y be (-1)/s*(6/(-2) - -11). Suppose -5*h + 151 = -2*h - 4*t, -y*h + 184 = -t. What is the units digit of h?
5
Let b = -115 + 117. Suppose 0 = -6*a + a + b*y + 3788, -2*y = 5*a - 3792. Suppose -17*u + a = -874. What is the tens digit of u?
9
Suppose -21938 = -2*i - 74*w + 71*w, -10*i + w + 109658 = 0. What is the thousands digit of i?
0
Let s be -6*(3 - (-11)/(-3)). Let u(c) = 4*c**2 - c + 10. Let h be u(s). Suppose 0 = -66*k + h*k - 536. What is the units digit of k?
4
Suppose 14*y = 138 + 1402. What is the tens digit of (-2142)/(-5) + 66/y?
2
Let t(k) = 10387*k - 561. What is the tens digit of t(1)?
2
Let r(p) = -75*p**3 + 3*p**2 + 9*p + 4. Let d be r(-4). Suppose 6*x - 13402 = -d. What is the tens digit of x?
3
Let h(z) = -22*z + 61. Let k be h(-7). Suppose 0 = -5*q + 320 + k. What is the tens digit of q?
0
Suppose -2*r = -8*z - 65366, 132*z = -3*r + 130*z + 98105. What is the thousands digit of r?
2
Suppose 7*g = 3*g - 880. Let a = -20 - g. Suppose -a = -2*t + 4*u, 4*t - 3*u = u + 404. What is the hundreds digit of t?
1
Suppose 1610 - 4409 = -2*s + k, 4*s + 2*k = 5586. Let d be (45/(-10))/9*s/(-3). Let h = d + -136. What is the tens digit of h?
9
Let f = -4870 + 9407. What is the thousands digit of f?
4
Suppose -5*u - 206 = 2*w + 79, 197 = -3*u + 4*w. Let s = u - -1276. What is the hundreds digit of s?
2
Let k(j) = -2*j**3 + 2*j**2 + 30*j - 72. What is the ten thousands digit of k(-20)?
1
Suppose -15 = 5*g, 5*g - 341 = -4*t + 4*g. Let v = 132 - t. Let o = 62 + v. What is the tens digit of o?
0
Let t be (-59)/354 + 73/6. What is the hundreds digit of (-12)/((t/(-405))/4)?
6
Let a = -412 - -10539. What is the hundreds digit of a?
1
Suppose u = -5, -31*d + 4*u + 16682 = -30*d. What is the units digit of d?
2
Suppose -3 = 176*t - 177*t. Let v(g) = -43*g - 5. Let q be v(-8). Suppose 0 = t*s - q - 132. What is the units digit of s?
7
Let u = 24458 + 9135. What is the thousands digit of u?
3
Let o = -474 + 3845. What is the thousands digit of o?
3
Let n(v) = 216*v**2 + 17*v + 4. What is the units digit of n(2)?
2
Let l(q) be the second derivative of q**4/12 + q**3/3 - q**2/2 + 26*q. Let a be l(0). What is the units digit of (-2 - (-45)/a)/(-1)?
7
Suppose 29*o - 16897 = 11*o - 43*o. What is the tens digit of o?
7
Let f = -125252 + 213462. What is the ten thousands digit of f?
8
Suppose -11*i = 3 - 91. Let g be (-2)/i + 14/(-8). What is the tens digit of ((-171)/(-18))/(g/(-4))?
1
Let l(j) = j**3 + 131*j**2 + 1349*j + 483. What is the units digit of l(-115)?
8
Let c be 4/5*((-65)/(-10) + -4). Suppose 0 = c*q - 0*q + 12. What is the tens digit of 12 + ((-4)/q - 1/(-3))?
1
Let m be 1/(-2)*(-2 - 4). Suppose 2*w = -8, 3*s - 2*s - 16 = w. What is the units digit of (-148)/m*(-18)/s?
4
Let z(n) = 55*n**2 + 3*n - 3. Let f = -100 + 102. What is the hundreds digit of z(f)?
2
Suppose -d + 19 = 5*o, -2*d - 11*o = -9*o - 14. Suppose s = d*s - 2223. What is the units digit of s?
1
Let w = -28499 - -57196. What is the tens digit of w?
9
Suppose 1279 = -3*x + 1974 + 14653. What is the units digit of x?
6
What is the units digit of 2081/(-6)*(57 - 63)?
1
Suppose 205 = 2*y - 27. Let x = y - -29. What is the units digit of x?
5
Let x(u) = -2*u**2 - 34*u - 31. Suppose w = -3*g - 7, -g = -5*w - 36 - 47. Let d be x(w). Suppose -3*q = d + 14, 2*i - 369 = -5*q. What is the tens digit of i?
9
Suppose -164362 = 2*i - 5*i + 2*f, -54766 = -i - 2*f. What is the hundreds digit of i?
7
Let j(a) = 71*a**3 - 5*a**2 - 7*a + 22. Let i be j(3). Suppose -5*b = 3*c - i, -2*c + 6*c = b + 2459. What is the hundreds digit of c?
6
Let r = 4359 + -232. What is the units digit of r?
7
What is the tens digit of ((-231200)/(-30) - -3) + -4*(-1)/(-6)?
0
Suppose 4*c = -3*o + 363 + 221, 4*c - 580 = -2*o. Suppose -c = -t + 38. Let n = t + -129. What is the tens digit of n?
5
Let b(w) = w**3 + 29*w**2 + 200. What is the ten thousands digit of b(20)?
1
Suppose -3*n + 7*g - 5*g = -2, -17 = -3*n - g. Suppose -n*k + 133 = -339. Let f = k + -75. What is the tens digit of f?
4
Let q be (-3840)/(-12) + 8/2. Suppose 11*j - q + 819 = 0. Let p = 46 + j. What is the units digit of p?
1
Suppose 0 = o + 2*o - 6. Let p = -1403 - -1408. Suppose 2*u + 9 = -p*l + 64, -26 = -4*l + o*u. What is the units digit of l?
9
Let y be (400/(-56))/(-10) + 4/14. Let x = y + -35. Let j = x - -78. What is the tens digit of j?
4
Suppose u + 274 = 1492. Suppose 3*b = -0*b + u. What is the units digit of b?
6
Suppose -2*d + h + 830 = 0, -d - h + 415 = 2*h. What is the tens digit of 73/(7 - d/60)?
7
What is the hundreds digit of 16/(-184) + 31836/46?
6
Let w(a) = -5*a + 39. Let s(h) = -6*h + 23. Let m(p) = -11*p + 45. Let r(u) = -3*m(u) + 5*s(u). Let i(g) = 7*r(g) + 4*w(g). What is the tens digit of i(-5)?
1
Let r(c) = 4*c**2 + 111*c + 52815. What is the units digit of r(0)?
5
Let j(z) = -323*z + 1253. What is the units digit of j(-20)?
3
Let f(p) = 103*p**2 + 4*p + 57. What is the tens digit of f(-7)?
7
Suppose -m = 2*j - 33119, 13*m - 3*j - 132531 = 9*m. What is the thousands digit of m?
3
Let n = -133 - -129. Let j(p) = 24*p**2 + p - 12. What is the tens digit of j(n)?
6
Let b(s) = -s**2 + s - 1. Let n(q) = 4*q**2 + 19*q - 1. Let p(g) = 5*b(g) + n(g). Let a = 1937 + -1919. What is the tens digit of p(a)?
0
Let f(u) = -8*u**3 - 11*u**2 - 18*u - 5. Let q be f(-8). Suppose -q = -34*t + 23*t. What is the units digit of t?
1
Let w = -98 + 170. Let u = w - 31. What is the units digit of u?
1
What is the units digi